 w.
13
What are the prime factors of (-4)/26 - 8400/(-182)?
2, 23
Let p be (6/4)/((-3)/(-8)). Suppose 0 = -0*c - p*c - z + 116, -c + 36 = 2*z. What are the prime factors of c?
2, 7
Let u(j) = 2*j**3 - 2*j**2 + 3*j + 9. What are the prime factors of u(4)?
3, 13
Suppose 2*o - 3*h - 33 = -0, 57 = 5*o + h. Let i be ((-66)/(-18))/((-2)/o). What are the prime factors of (i/(-6))/(3/9)?
11
Let t(g) = 0*g**3 + 2*g + g**3 + 8*g**2 + 5*g. Let a be t(-7). Let k = 3 - a. List the prime factors of k.
3
Suppose 0 = c - 4*c. Let g be 4 - c/(0 - 1). Suppose 0 = -g*m + 2*r + 89 - 9, 0 = -3*m - r + 70. List the prime factors of m.
2, 11
Let v(k) = -34*k - 12. List the prime factors of v(-11).
2, 181
Suppose 0*f = 4*f. Let t(b) = -b**3 + b + 14. Let p be t(f). What are the prime factors of 32/p + 6/(-21)?
2
Let k = 21 + -13. Suppose 0 = 3*o + 2*i + k, 4*o + 5*i + 0*i + 20 = 0. Suppose o*d + 20 = 5*d. What are the prime factors of d?
2
Suppose 3*d + 5 = -3*l - 7, 3*l = -2*d - 17. What are the prime factors of l/(-3)*7/3?
7
Let b = 79 + 0. List the prime factors of b.
79
Let d be ((-27)/(-2))/((-15)/(-40)). Suppose -p = -3*x + d, 15 = -4*x + p + 63. What are the prime factors of x?
2, 3
Suppose 0 = 2*y - 5*b - 94, -5*b + 268 = 3*y + 102. Suppose -5*i + i = -y. List the prime factors of i.
13
Suppose -w + 164 = 4*y, -3*y - 5*w = -99 - 41. List the prime factors of y.
2, 5
Let t = -7 - -18. List the prime factors of t.
11
Let h(j) = 8*j**2 - 4. Let w be h(3). Suppose 2*s + 2*s + 5*f - w = 0, -3*s = -5*f - 16. List the prime factors of s.
2, 3
Suppose z + 30 = -2*u - 1, 3*u + 4*z = -34. Let l be 3/(-2)*44/6. Let g = l - u. List the prime factors of g.
7
Let p = 1 - 1. Let x = p - -3. Suppose -2*m = -h + 10, -5*h = -x*m - 32 - 11. What are the prime factors of h?
2
Let k(o) = 14*o + 34. List the prime factors of k(0).
2, 17
Let l = 8 + -10. Let a = 3 - l. List the prime factors of a.
5
What are the prime factors of (-2 - (-7)/5) + 3132/45?
3, 23
Suppose -u = -0*u + 3*g - 32, 5*u = 2*g + 92. Suppose 0*p = -5*p - x + 157, 4*x - u = -p. What are the prime factors of p?
2
Let s = 28 + -17. Suppose -s*f - 69 = -14*f. List the prime factors of f.
23
Let r = 104 + 22. What are the prime factors of ((-3)/9)/((-2)/r)?
3, 7
Suppose 0 = -g + 3*g - 536. List the prime factors of g.
2, 67
Suppose o + 32 = 5*o. Suppose 0 = -3*t + o*t - 10. List the prime factors of t.
2
Let s(d) = d**2 - 2*d + 1. Let t(p) = p - 1. Let f(k) = s(k) - 3*t(k). Let r be f(5). Let j(z) = 3*z - 2. What are the prime factors of j(r)?
2, 5
Let s = -3 - -111. List the prime factors of s.
2, 3
Suppose 0*n = -2*n - 4*y + 176, -n = -y - 94. What are the prime factors of n?
2, 23
Let s be 3/(-9) - (-32)/6. Suppose 4*h + s*q + 7 = 0, -4*h = h + 2*q - 4. Suppose -6 = -h*r, -3*p + 2*r + 2*r + 6 = 0. List the prime factors of p.
2, 3
Let n = 2 + 6. Let f = n + -8. Suppose -3*y + 24 = -f*y. List the prime factors of y.
2
Suppose 0 = 3*w - 61 + 13. Let r be (-3)/((-3)/(-2)) - -2. Suppose r = -3*o + 47 + w. What are the prime factors of o?
3, 7
Suppose v + 2 = 12. Let h = v - 6. Suppose 5*d + 4*u = 37, 3*d - 27 - 8 = h*u. List the prime factors of d.
3
Suppose 5*p + x = -x + 56, 0 = -3*p + 4*x + 18. Let o = p - 6. What are the prime factors of (o/(-3))/((-2)/12)?
2
Let r(v) = -6*v + 1. Let t be r(-6). Suppose -m = 10 - t. List the prime factors of m.
3
Let d = 9 - -15. What are the prime factors of d?
2, 3
Suppose 0*m = 2*m - 2. What are the prime factors of (0 + m)*(-8)/(-4)?
2
Suppose -h + 21 = -5*g, -h = -2*h - 4*g - 6. Suppose 0*v + h = 2*v. Suppose -v*j + 44 = j. List the prime factors of j.
11
Let h(c) = -4*c**3 + c**2 + c. Let s be h(-1). Suppose -s = -2*k + 4*k. Let z(r) = r**2 - 2. What are the prime factors of z(k)?
2
Let v be 0 + 0 + -11*1. Let k be (-4)/16 - 115/20. Let h = k - v. List the prime factors of h.
5
Suppose 5*t = t + w + 1, -3*t = 4*w + 4. Suppose t = -x - 2*x + 75. Let q = -14 + x. What are the prime factors of q?
11
Let p = -146 + 246. List the prime factors of p.
2, 5
Let b(u) = u**3 + 2*u**2 - u + 1. Let q be b(-2). Suppose -q*y = k - 10, 0*y + 14 = 3*y + 5*k. What are the prime factors of y?
3
Suppose 0 = -6*x + x. Suppose 4*h - 4 = -20. Let o = x - h. What are the prime factors of o?
2
Let b(l) = l**3 + 8*l**2 - l - 7. Let q be b(-8). Let t(x) = 10*x**3 + 2*x**2 - 1. Let v be t(q). Let d = v - 6. List the prime factors of d.
5
Let m be (0 + 18)*(-30)/(-9). Suppose -m = -2*y - 2*y. List the prime factors of y.
3, 5
Let a be 4/10 - 13/(-5). Let b(q) = 2*q - 13. Let l be b(9). Suppose l*n = 22 + a. What are the prime factors of n?
5
Let f(p) = p**3 + 10*p**2 - p - 2. Let l be f(-10). What are the prime factors of -3 + l/2 - -2?
3
What are the prime factors of 3*(-2)/(-12)*14?
7
Suppose -2*d + 4 = -d. Suppose 0 = 4*t, 0 + d = w + 3*t. Suppose v = -3*u + 22 - 7, 0 = -w*v + 2*u + 4. List the prime factors of v.
3
Let z = -63 - -115. List the prime factors of z.
2, 13
Let g = 308 + -96. List the prime factors of g.
2, 53
Let w = -1 + 1. Suppose 4*n = 12 - 0. Suppose 0 = -j - w*j + v + 6, n*j - v - 24 = 0. List the prime factors of j.
3
Let z = 2 + 4. List the prime factors of z/15 + (-772)/(-20).
3, 13
Let d be 3 + (-104 + 2)/(-1). Suppose d = z + 4*z. List the prime factors of (-6)/z - 114/(-7).
2
Let l be ((-6)/(-2))/(9/(-6)). Let a be (l/1 - -1)*-2. Suppose 0 = a*m + m - 27. List the prime factors of m.
3
Let s(b) = -4*b + 5. Let i be s(-5). Let k(u) = -6*u - 5. Let g be k(-3). Suppose 5*o - m - g - i = 0, 5*m - 18 = -o. What are the prime factors of o?
2
Let z(p) = 59*p**2 - 1. Let m be z(-3). What are the prime factors of 4/10 + m/50?
11
Let d = 95 + 15. Suppose -r - 4*r = -d. What are the prime factors of r?
2, 11
Let c = -54 + 23. Let p = c - -87. Suppose 0 = -2*i - i - 2*y + p, 0 = y + 2. What are the prime factors of i?
2, 5
Let u be (-54)/4 - (-2)/4. Let l = -4 - u. List the prime factors of l.
3
Suppose -7 = -2*u + 37. What are the prime factors of u?
2, 11
Let l(z) = z**3 + 0*z**2 + 3 + z**2 + 3*z**2 + 4*z. Let m be l(-3). Suppose 4*s + 24 + 20 = 2*h, -5*h - s + 55 = m. List the prime factors of h.
2, 3
Let k be -1 - (79 + -1)/3. Let w = -18 - k. List the prime factors of w.
3
List the prime factors of (-6)/(-3) - 122*-1.
2, 31
Let p = 7 + -2. Suppose 4*x = x - p*s + 35, -3*x + 75 = -3*s. List the prime factors of x.
2, 5
Let l(x) be the first derivative of 1/2*x**2 + 1 + 22*x. List the prime factors of l(-11).
11
Let x(g) = -g + 8. Let c be x(7). Let p(v) = 11*v - 1. Let f be p(c). Suppose -4*k = w - 6*k - f, -3*k = -w + 14. What are the prime factors of w?
2
Suppose 2*x + x + 171 = k, -3*x = -3*k + 177. What are the prime factors of 4/(-18) + x/(-9)?
2, 3
Let q(i) = 0 + 2*i - i**2 - 9 + 2 + 2*i**2. What are the prime factors of q(-6)?
17
Let l be 38/(-5) + (-2)/5. What are the prime factors of (10/6)/(l/(-24))?
5
Suppose -9 + 6 = -x. Suppose -2*h - x*h = -5*i + 225, -5*i + 237 = -h. List the prime factors of i.
2, 3
Let l = 12 - 9. Let d = l + 30. What are the prime factors of d?
3, 11
Let y(n) = 5*n**3 - n**2 - n + 2. Let r = 5 + -9. Let v(w) = -w**3 + w**2 + w. Let j(u) = r*v(u) - y(u). List the prime factors of j(-3).
7
Let v(q) = -q**3 - 4*q**2 + q + 2. Suppose -3*c + 13 = 4. Let s(p) = p**2 + 1. Let i(o) = c*s(o) - v(o). What are the prime factors of i(-7)?
2
Let d(h) = 3*h**2 - h + 5. Let q be ((-8)/12)/(1/(-6)). Let r be d(q). What are the prime factors of r/6 - (-3)/(-18)?
2
Let r(o) = -o + 1. Let y(k) = k + 2. Let v be y(2). Let n be r(v). Let w = 1 - n. What are the prime factors of w?
2
Suppose 2*d - 4 = i, -3*i + 18 = 5*d - 25. Suppose i = 5*o - 19. List the prime factors of o.
5
Let o = 156 + 17. What are the prime factors of o?
173
What are the prime factors of (3 + (-498)/(-12))/((-2)/(-4))?
89
Suppose -4*c - 3 = -5*c. Suppose 3*b + 2*q - 115 = 6*q, -c*q = 5*b - 153. What are the prime factors of b?
3, 11
Let u be -4 + 6 + -1 + -1. Suppose -4*v + u*a = -a - 168, 0 = a - 4. List the prime factors of v.
43
Let z(l) = 114*l - 2. What are the prime factors of z(3)?
2, 5, 17
Let b = -19 + 25. Suppose -4*s + b = -42. List the prime factors of s.
2, 3
Let f = -29 + 52. Suppose -6 = -t - d, -5*t + 0*t + f = -2*d. List the prime factors of t.
5
What are the prime factors 